{"id":11593,"date":"2025-07-08T21:44:39","date_gmt":"2025-07-08T21:44:39","guid":{"rendered":"https:\/\/atlix.bcardmexico.com\/?post_type=product&#038;p=11593"},"modified":"2025-07-08T21:47:04","modified_gmt":"2025-07-08T21:47:04","slug":"columpio-atlix","status":"publish","type":"product","link":"https:\/\/atlix.bcardmexico.com\/?product=columpio-atlix","title":{"rendered":"Columpio Atlix"},"content":{"rendered":"","protected":false},"excerpt":{"rendered":"<p>Presentamos nuestro Columpio Atlix \u2014 tejido a mano por artesanos mexicanos, dise\u00f1ado para disfrutar momentos de calma al aire libre (o en casa).<\/p>\n<p>\ud83e\uddf5 Detalles hechos con amor<br \/>\n\ud83e\udeb5 Estructura resistente y segura<br \/>\n\ud83c\udf08 Disponible en colores neutros o vibrantes<br \/>\n\ud83c\udfe1 Ideal para terrazas, patios, balcones o interiores<\/p>\n<p>Rel\u00e1jate, balanceate y d\u00e9jate llevar por el dise\u00f1o con alma mexicana.<\/p>\n","protected":false},"featured_media":11594,"comment_status":"open","ping_status":"closed","template":"","meta":[],"etheme_brands":[],"product_brand":[],"product_cat":[69],"product_tag":[],"class_list":{"0":"post-11593","1":"product","2":"type-product","3":"status-publish","4":"has-post-thumbnail","6":"product_cat-colgante","8":"first","9":"instock","10":"shipping-taxable","11":"product-type-simple"},"yoast_head":"<!-- This site is optimized with the Yoast SEO Premium plugin v23.4 (Yoast SEO v23.4) - https:\/\/yoast.com\/wordpress\/plugins\/seo\/ -->\n<title>Columpio Atlix - Atlix Sillas Artesanales<\/title>\n<meta name=\"robots\" content=\"index, follow, max-snippet:-1, max-image-preview:large, max-video-preview:-1\" \/>\n<link rel=\"canonical\" href=\"https:\/\/atlix.bcardmexico.com\/?product=columpio-atlix\" \/>\n<meta property=\"og:locale\" content=\"es_MX\" \/>\n<meta property=\"og:type\" content=\"article\" \/>\n<meta property=\"og:title\" content=\"Columpio Atlix\" \/>\n<meta property=\"og:description\" content=\"Presentamos nuestro Columpio Atlix \u2014 tejido a mano por artesanos mexicanos, dise\u00f1ado para disfrutar momentos de calma al aire libre (o en casa).  \ud83e\uddf5 Detalles hechos con amor \ud83e\udeb5 Estructura resistente y segura \ud83c\udf08 Disponible en colores neutros o vibrantes \ud83c\udfe1 Ideal para terrazas, patios, balcones o interiores  Rel\u00e1jate, balanceate y d\u00e9jate llevar por el dise\u00f1o con alma mexicana.\" \/>\n<meta property=\"og:url\" content=\"https:\/\/atlix.bcardmexico.com\/?product=columpio-atlix\" \/>\n<meta property=\"og:site_name\" content=\"Atlix Sillas Artesanales\" \/>\n<meta property=\"article:modified_time\" content=\"2025-07-08T21:47:04+00:00\" \/>\n<meta property=\"og:image\" content=\"https:\/\/atlix.bcardmexico.com\/wp-content\/uploads\/2025\/07\/22.jpg\" \/>\n\t<meta property=\"og:image:width\" content=\"720\" \/>\n\t<meta property=\"og:image:height\" content=\"960\" \/>\n\t<meta property=\"og:image:type\" content=\"image\/jpeg\" \/>\n<meta name=\"twitter:card\" content=\"summary_large_image\" \/>\n<script type=\"application\/ld+json\" class=\"yoast-schema-graph\">{\"@context\":\"https:\/\/schema.org\",\"@graph\":[{\"@type\":\"WebPage\",\"@id\":\"https:\/\/atlix.bcardmexico.com\/?product=columpio-atlix\",\"url\":\"https:\/\/atlix.bcardmexico.com\/?product=columpio-atlix\",\"name\":\"Columpio Atlix - Atlix Sillas Artesanales\",\"isPartOf\":{\"@id\":\"https:\/\/atlix.bcardmexico.com\/#website\"},\"primaryImageOfPage\":{\"@id\":\"https:\/\/atlix.bcardmexico.com\/?product=columpio-atlix#primaryimage\"},\"image\":{\"@id\":\"https:\/\/atlix.bcardmexico.com\/?product=columpio-atlix#primaryimage\"},\"thumbnailUrl\":\"https:\/\/atlix.bcardmexico.com\/wp-content\/uploads\/2025\/07\/22.jpg\",\"datePublished\":\"2025-07-08T21:44:39+00:00\",\"dateModified\":\"2025-07-08T21:47:04+00:00\",\"breadcrumb\":{\"@id\":\"https:\/\/atlix.bcardmexico.com\/?product=columpio-atlix#breadcrumb\"},\"inLanguage\":\"es\",\"potentialAction\":[{\"@type\":\"ReadAction\",\"target\":[\"https:\/\/atlix.bcardmexico.com\/?product=columpio-atlix\"]}]},{\"@type\":\"ImageObject\",\"inLanguage\":\"es\",\"@id\":\"https:\/\/atlix.bcardmexico.com\/?product=columpio-atlix#primaryimage\",\"url\":\"https:\/\/atlix.bcardmexico.com\/wp-content\/uploads\/2025\/07\/22.jpg\",\"contentUrl\":\"https:\/\/atlix.bcardmexico.com\/wp-content\/uploads\/2025\/07\/22.jpg\",\"width\":720,\"height\":960},{\"@type\":\"BreadcrumbList\",\"@id\":\"https:\/\/atlix.bcardmexico.com\/?product=columpio-atlix#breadcrumb\",\"itemListElement\":[{\"@type\":\"ListItem\",\"position\":1,\"name\":\"Home\",\"item\":\"https:\/\/atlix.bcardmexico.com\/\"},{\"@type\":\"ListItem\",\"position\":2,\"name\":\"Shop\",\"item\":\"https:\/\/atlix.bcardmexico.com\/?page_id=6\"},{\"@type\":\"ListItem\",\"position\":3,\"name\":\"Columpio Atlix\"}]},{\"@type\":\"WebSite\",\"@id\":\"https:\/\/atlix.bcardmexico.com\/#website\",\"url\":\"https:\/\/atlix.bcardmexico.com\/\",\"name\":\"Atlix Sillas Artesanales\",\"description\":\"\",\"publisher\":{\"@id\":\"https:\/\/atlix.bcardmexico.com\/#organization\"},\"alternateName\":\"Atlix Sillas Artesanales\",\"potentialAction\":[{\"@type\":\"SearchAction\",\"target\":{\"@type\":\"EntryPoint\",\"urlTemplate\":\"https:\/\/atlix.bcardmexico.com\/?s={search_term_string}\"},\"query-input\":{\"@type\":\"PropertyValueSpecification\",\"valueRequired\":true,\"valueName\":\"search_term_string\"}}],\"inLanguage\":\"es\"},{\"@type\":\"Organization\",\"@id\":\"https:\/\/atlix.bcardmexico.com\/#organization\",\"name\":\"Atlix Sillas Artesanales\",\"url\":\"https:\/\/atlix.bcardmexico.com\/\",\"logo\":{\"@type\":\"ImageObject\",\"inLanguage\":\"es\",\"@id\":\"https:\/\/atlix.bcardmexico.com\/#\/schema\/logo\/image\/\",\"url\":\"https:\/\/atlix.bcardmexico.com\/wp-content\/uploads\/2021\/10\/logo-new.png\",\"contentUrl\":\"https:\/\/atlix.bcardmexico.com\/wp-content\/uploads\/2021\/10\/logo-new.png\",\"width\":238,\"height\":58,\"caption\":\"Atlix Sillas Artesanales\"},\"image\":{\"@id\":\"https:\/\/atlix.bcardmexico.com\/#\/schema\/logo\/image\/\"}}]}<\/script>\n<!-- \/ Yoast SEO Premium plugin. -->","yoast_head_json":{"title":"Columpio Atlix - Atlix Sillas Artesanales","robots":{"index":"index","follow":"follow","max-snippet":"max-snippet:-1","max-image-preview":"max-image-preview:large","max-video-preview":"max-video-preview:-1"},"canonical":"https:\/\/atlix.bcardmexico.com\/?product=columpio-atlix","og_locale":"es_MX","og_type":"article","og_title":"Columpio Atlix","og_description":"Presentamos nuestro Columpio Atlix \u2014 tejido a mano por artesanos mexicanos, dise\u00f1ado para disfrutar momentos de calma al aire libre (o en casa).  \ud83e\uddf5 Detalles hechos con amor \ud83e\udeb5 Estructura resistente y segura \ud83c\udf08 Disponible en colores neutros o vibrantes \ud83c\udfe1 Ideal para terrazas, patios, balcones o interiores  Rel\u00e1jate, balanceate y d\u00e9jate llevar por el dise\u00f1o con alma mexicana.","og_url":"https:\/\/atlix.bcardmexico.com\/?product=columpio-atlix","og_site_name":"Atlix Sillas Artesanales","article_modified_time":"2025-07-08T21:47:04+00:00","og_image":[{"width":720,"height":960,"url":"https:\/\/atlix.bcardmexico.com\/wp-content\/uploads\/2025\/07\/22.jpg","type":"image\/jpeg"}],"twitter_card":"summary_large_image","schema":{"@context":"https:\/\/schema.org","@graph":[{"@type":"WebPage","@id":"https:\/\/atlix.bcardmexico.com\/?product=columpio-atlix","url":"https:\/\/atlix.bcardmexico.com\/?product=columpio-atlix","name":"Columpio Atlix - Atlix Sillas Artesanales","isPartOf":{"@id":"https:\/\/atlix.bcardmexico.com\/#website"},"primaryImageOfPage":{"@id":"https:\/\/atlix.bcardmexico.com\/?product=columpio-atlix#primaryimage"},"image":{"@id":"https:\/\/atlix.bcardmexico.com\/?product=columpio-atlix#primaryimage"},"thumbnailUrl":"https:\/\/atlix.bcardmexico.com\/wp-content\/uploads\/2025\/07\/22.jpg","datePublished":"2025-07-08T21:44:39+00:00","dateModified":"2025-07-08T21:47:04+00:00","breadcrumb":{"@id":"https:\/\/atlix.bcardmexico.com\/?product=columpio-atlix#breadcrumb"},"inLanguage":"es","potentialAction":[{"@type":"ReadAction","target":["https:\/\/atlix.bcardmexico.com\/?product=columpio-atlix"]}]},{"@type":"ImageObject","inLanguage":"es","@id":"https:\/\/atlix.bcardmexico.com\/?product=columpio-atlix#primaryimage","url":"https:\/\/atlix.bcardmexico.com\/wp-content\/uploads\/2025\/07\/22.jpg","contentUrl":"https:\/\/atlix.bcardmexico.com\/wp-content\/uploads\/2025\/07\/22.jpg","width":720,"height":960},{"@type":"BreadcrumbList","@id":"https:\/\/atlix.bcardmexico.com\/?product=columpio-atlix#breadcrumb","itemListElement":[{"@type":"ListItem","position":1,"name":"Home","item":"https:\/\/atlix.bcardmexico.com\/"},{"@type":"ListItem","position":2,"name":"Shop","item":"https:\/\/atlix.bcardmexico.com\/?page_id=6"},{"@type":"ListItem","position":3,"name":"Columpio Atlix"}]},{"@type":"WebSite","@id":"https:\/\/atlix.bcardmexico.com\/#website","url":"https:\/\/atlix.bcardmexico.com\/","name":"Atlix Sillas Artesanales","description":"","publisher":{"@id":"https:\/\/atlix.bcardmexico.com\/#organization"},"alternateName":"Atlix Sillas Artesanales","potentialAction":[{"@type":"SearchAction","target":{"@type":"EntryPoint","urlTemplate":"https:\/\/atlix.bcardmexico.com\/?s={search_term_string}"},"query-input":{"@type":"PropertyValueSpecification","valueRequired":true,"valueName":"search_term_string"}}],"inLanguage":"es"},{"@type":"Organization","@id":"https:\/\/atlix.bcardmexico.com\/#organization","name":"Atlix Sillas Artesanales","url":"https:\/\/atlix.bcardmexico.com\/","logo":{"@type":"ImageObject","inLanguage":"es","@id":"https:\/\/atlix.bcardmexico.com\/#\/schema\/logo\/image\/","url":"https:\/\/atlix.bcardmexico.com\/wp-content\/uploads\/2021\/10\/logo-new.png","contentUrl":"https:\/\/atlix.bcardmexico.com\/wp-content\/uploads\/2021\/10\/logo-new.png","width":238,"height":58,"caption":"Atlix Sillas Artesanales"},"image":{"@id":"https:\/\/atlix.bcardmexico.com\/#\/schema\/logo\/image\/"}}]}},"_links":{"self":[{"href":"https:\/\/atlix.bcardmexico.com\/index.php?rest_route=\/wp\/v2\/product\/11593","targetHints":{"allow":["GET"]}}],"collection":[{"href":"https:\/\/atlix.bcardmexico.com\/index.php?rest_route=\/wp\/v2\/product"}],"about":[{"href":"https:\/\/atlix.bcardmexico.com\/index.php?rest_route=\/wp\/v2\/types\/product"}],"replies":[{"embeddable":true,"href":"https:\/\/atlix.bcardmexico.com\/index.php?rest_route=%2Fwp%2Fv2%2Fcomments&post=11593"}],"version-history":[{"count":2,"href":"https:\/\/atlix.bcardmexico.com\/index.php?rest_route=\/wp\/v2\/product\/11593\/revisions"}],"predecessor-version":[{"id":11597,"href":"https:\/\/atlix.bcardmexico.com\/index.php?rest_route=\/wp\/v2\/product\/11593\/revisions\/11597"}],"wp:featuredmedia":[{"embeddable":true,"href":"https:\/\/atlix.bcardmexico.com\/index.php?rest_route=\/wp\/v2\/media\/11594"}],"wp:attachment":[{"href":"https:\/\/atlix.bcardmexico.com\/index.php?rest_route=%2Fwp%2Fv2%2Fmedia&parent=11593"}],"wp:term":[{"taxonomy":"brand","embeddable":true,"href":"https:\/\/atlix.bcardmexico.com\/index.php?rest_route=%2Fwp%2Fv2%2Fetheme_brands&post=11593"},{"taxonomy":"product_brand","embeddable":true,"href":"https:\/\/atlix.bcardmexico.com\/index.php?rest_route=%2Fwp%2Fv2%2Fproduct_brand&post=11593"},{"taxonomy":"product_cat","embeddable":true,"href":"https:\/\/atlix.bcardmexico.com\/index.php?rest_route=%2Fwp%2Fv2%2Fproduct_cat&post=11593"},{"taxonomy":"product_tag","embeddable":true,"href":"https:\/\/atlix.bcardmexico.com\/index.php?rest_route=%2Fwp%2Fv2%2Fproduct_tag&post=11593"}],"curies":[{"name":"wp","href":"https:\/\/api.w.org\/{rel}","templated":true}]}}